 = 177. List the prime factors of m.
59
Let l = -95 - -246. List the prime factors of l.
151
Suppose 2*u - 4*d - 100 = 0, -218 = -4*u + 2*d - 0*d. List the prime factors of u.
2, 7
Let f be 40/6*(-30)/(-4). List the prime factors of (9 + -12)*f/(-6).
5
Suppose 0 = -4*f + 2*f. Suppose f*u + 5*l + 33 = 3*u, 2*u = -5*l + 22. What are the prime factors of u?
11
Suppose 4*o - 116 = 4*u, -2*o = -5*u - 184 + 36. Let x be 5/u + (-262)/12. Let g = x - -34. What are the prime factors of g?
2, 3
Suppose -3 = 5*b - 13. Let u = b + -5. List the prime factors of (-9 - u)/(-2) + -1.
2
Let p be 1/(-3) + (-34)/(-3). Let r = p - 5. List the prime factors of r.
2, 3
Let i = -1 - -7. Suppose 4*j - 5*j + 6 = 0. Suppose 3*h - i = j. List the prime factors of h.
2
Let m = 20 - 15. What are the prime factors of m?
5
Suppose -2*h + 3*v - 24 + 127 = 0, -4*h = -4*v - 216. List the prime factors of h.
59
Let r be 0*2/(-6) - -3. Let b(h) = r*h + 0*h - 5 + 2. List the prime factors of b(4).
3
Let j = 18 + -26. Let d be (3/4)/(2/j). List the prime factors of d/(-12) + 15/4.
2
Let o(t) = 2*t - 1. Let p(i) = i + 10. Let x be p(-7). What are the prime factors of o(x)?
5
Let x = 133 - 88. List the prime factors of x.
3, 5
Let v(b) = -2*b**3 - 3*b**2 - 2*b - 1. Let z be v(-2). Let c(a) = 6 - a**3 + 0*a - z*a - 7*a**2 + 0. What are the prime factors of c(-6)?
2, 3
Let h(i) = 9*i + 1. List the prime factors of h(1).
2, 5
Let l(s) = -s**2 - s + 15. What are the prime factors of l(0)?
3, 5
Let s(k) = -k**3 - 6*k**2 - 2*k - 8. Let c be s(-6). Suppose -5*w + 3 = v + 3*v, -4*w = -c*v + 12. Suppose -v*h + 43 - 1 = 0. What are the prime factors of h?
3, 7
Suppose 0 = -2*f - f + 9. List the prime factors of (3 - (f - 20)) + 2.
2, 11
Let k(q) = q**3 + 7*q**2 - q + 7. Let a be k(-7). Suppose -3*j + 10 = -a. What are the prime factors of 68/j - (-1)/2?
3
Let q(u) = -u**2 - 2*u + 320. Let w be q(0). List the prime factors of (10/(-8))/((-10)/w).
2, 5
Suppose -21 = -4*v + 3. Let d be (-4)/v*(-63)/6. Let o = d - 5. List the prime factors of o.
2
Let t = -55 - -101. Suppose t = -2*v + 122. Suppose 11 - v = -3*h. What are the prime factors of h?
3
Suppose 2*j + 4*x = -0*x + 2, -5*j = 5*x - 15. Suppose -2*d = -4*y - 96, 2*y - 4*d = j*y + 72. List the prime factors of (-1 - -2)*y/(-3).
2
Let y = 0 + 2. Suppose -y*p = -6*p - 4, -5*o = 3*p - 37. What are the prime factors of o?
2
Suppose 0*o + 5*t - 480 = -5*o, -5*o = -5*t - 460. What are the prime factors of o?
2, 47
List the prime factors of (1 + 2)*33 - 2.
97
Let j(s) = 6*s - 3. Suppose 4*l = l + 12. List the prime factors of j(l).
3, 7
Let b(a) = -a**3 + 34*a**2 - 23*a + 10. List the prime factors of b(33).
2, 5, 17
Suppose r + 2*w + 3 - 12 = 0, -12 = 4*r - 4*w. Let k be r/(-1*(-1 - 0)). What are the prime factors of -2*((-5)/k + 2)?
2, 3
Let b = -18 + 32. Let o be (-2)/6 - b/(-6). Suppose -l = -o - 6. What are the prime factors of l?
2
Suppose 0 = -13*u + 22*u - 666. List the prime factors of u.
2, 37
Let b = 198 + -119. What are the prime factors of b?
79
Let j be (-24)/14*(9 + -2). List the prime factors of 105/(j/(-4)) - 0.
5, 7
Let w = 3 - 1. Let q(z) = 0*z**2 - 1 - z**2 + w*z**2 - 8*z**3. List the prime factors of q(-1).
2
List the prime factors of 13 + 3 - (2 - -1).
13
Let u(l) = 2*l + 1 + 5*l + 9*l**2 - 4*l. List the prime factors of u(-2).
31
Let c(y) = -3*y**2 - y**3 + 3*y + y - 2*y**2. Suppose 3*v - 1 = -4, 2*h - 4*v = -8. What are the prime factors of c(h)?
2, 3
Suppose -5*s - 5*v + 145 = 0, 3*s = -2*v + v + 87. List the prime factors of s.
29
List the prime factors of 6/12 + 71/2.
2, 3
Let s = -13 + 17. Suppose -3*x + 96 = l + 2*l, -s*x = -2*l - 104. List the prime factors of x.
2, 7
Let h be 160/(-12)*9/(-4). Suppose 5*o = -5*p + h, -o + 0*p + 10 = 5*p. What are the prime factors of o?
5
Let d = 5 - 5. Suppose d = 4*c + 2*z - 110, -2 - 73 = -4*c + 5*z. List the prime factors of c.
5
Let f = 173 - 98. Suppose -5*r = -2*p - f, p + p = -10. What are the prime factors of r?
13
What are the prime factors of 62*(-1)/4*-2?
31
Suppose 3*w = -0*w. Suppose -2 = -v - w. Suppose -5*j = 2*l - 13, -l - v*j + 4 = 3*j. What are the prime factors of l?
3
Let p(o) = 2*o**2 + 8*o + 4. Let v be 7028/(-52) + (-4)/(-26). Let u be v/25 - (-4)/10. What are the prime factors of p(u)?
2, 7
Suppose 3*c + 73 - 253 = 0. What are the prime factors of c?
2, 3, 5
Suppose 0 = -5*a - 101 + 6. Let k = a + 39. Let l = -11 + k. What are the prime factors of l?
3
Let i = 22 + -10. Suppose 5*f - 18 = i. What are the prime factors of f?
2, 3
Suppose 0*y + 4*y - 180 = 0. What are the prime factors of y?
3, 5
Let q(m) = m**3 + 5*m**2 - 7*m - 2. Let u be q(-6). Suppose -t + 0 = -u. Suppose -5*h + t*h = -5*b - 21, -3 = 3*b. What are the prime factors of h?
2
Let m be -1*7 - (-4 + 3). Let z(l) = -l + 7. What are the prime factors of z(m)?
13
Let a(l) = 0 + 11 - 3*l + 4*l. Let u be a(-9). Suppose -u*p + 6 = -16. List the prime factors of p.
11
Suppose 1611 = 3*z + 6*z. What are the prime factors of z?
179
Let p(k) = -7*k**3. Suppose 0 = -4*n - 3*q - 0*q - 5, 5*n + 15 = 5*q. Let d be p(n). Suppose 6*h - 2*h - d = 0. List the prime factors of h.
2, 7
Suppose 0 = -2*x + l - 3*l + 36, -x + 2*l = -6. What are the prime factors of x?
2, 7
Let h be (-2 + (-2 - -4))/(-2). Suppose h = -p + 10 + 7. List the prime factors of p.
17
Let o(z) = -12*z - 14. List the prime factors of o(-9).
2, 47
Let m = 19 + -12. Suppose -8*v + 3 = -m*v. What are the prime factors of v?
3
Suppose -2*m + 5*m + 59 = 2*g, 2*g = 2*m + 42. Let q = m - -40. What are the prime factors of q?
23
Let d(x) be the third derivative of -x**6/120 - x**5/10 - x**4/4 - x**3/2 - x**2. Let v be d(-5). Suppose 3*f = v + 19. List the prime factors of f.
7
Let z = -6 + 10. Suppose 27 = -i + z*i + 2*c, 4*i = c + 25. What are the prime factors of i?
7
List the prime factors of (-35)/(-2 - -1) + 3.
2, 19
Suppose 4*y - 10 = 5*d + 41, 5*y - 80 = 3*d. List the prime factors of y.
19
Suppose 3*n = -0*n + 174. List the prime factors of n.
2, 29
Suppose a = 28 + 10. List the prime factors of a.
2, 19
Let m = -170 + 261. List the prime factors of m.
7, 13
Let b = 168 - -10. What are the prime factors of b?
2, 89
What are the prime factors of -4 + 22 - (-5 + 1)?
2, 11
Let y = -12 + 21. Let i = -4 + y. List the prime factors of i.
5
Suppose 6*b = 5*b. Suppose -3*y + 24 + 30 = b. What are the prime factors of y?
2, 3
Suppose 2*l = 2*a - 20 - 2, -2*l + 4*a = 32. Let v be -3*1/l*0. Suppose q = -v*q + 11. What are the prime factors of q?
11
Let s = -12 - -21. Let d = -3 - -5. Suppose -d*m + s = m. What are the prime factors of m?
3
Suppose -o - 705 = -4*a, -a + o = -0*a - 174. What are the prime factors of a?
3, 59
Suppose -4*i - 26 - 18 = 0. Let o = 4 - i. What are the prime factors of o?
3, 5
Suppose m = 5*x - 15, 0 = 2*x - 0*m + 2*m + 6. Suppose v = -c, 2*v = x*c - 2*v - 24. List the prime factors of c.
2
Let s be 6/16*-14*12. Let d = s + 92. List the prime factors of d.
29
Let f be (-4)/3*(-6)/4. Suppose j - f = 4. Let c(k) = k**3 - 5*k**2 - 4*k - 3. What are the prime factors of c(j)?
3
Let i(t) = 6*t - 1. Let a be i(1). What are the prime factors of (3/2)/(a/10)?
3
Suppose w - 126 = 3*u, -2*u + 136 = -w + 2*w. List the prime factors of w.
2, 3, 11
Let f = -7 + 40. List the prime factors of f.
3, 11
Let h(t) = -t - 10. Let s be h(-7). Let z = 13 - s. What are the prime factors of z?
2
Suppose -b + 3 = -2. Suppose x - b*y + 3 = 0, -5*x = -0*y + 4*y - 14. Suppose x*q - 5 = q. List the prime factors of q.
5
Suppose 3*c - 1 = 4*c. Let w(v) = v**2 + 6*v + 3. Let r be w(-3). Let s = c - r. What are the prime factors of s?
5
Let g(h) = -h**3 + 8*h**2 + h - 5. What are the prime factors of g(7)?
3, 17
Suppose -5*f + 38 = -2*b, -b + 4*b = -f - 6. Suppose 20 = -2*k + f*k. List the prime factors of k.
5
Let x be (1 + -2 - 2) + 6. Let d = 14 + x. What are the prime factors of d?
17
Let u(b) = b**2 + 8*b - 1. Let i be u(-9). Let v = -2 + i. Suppose -5*f = 3*s - 28, -s + 0*s - 5*f + v = 0. What are the prime factors of s?
11
Let d(c) = -c**3 + 9*c**2 - 9*c - 6. What are the prime factors of d(5)?
7
Suppose 5*v + 79 = -b, -3*b + 0*b = -3*v - 51. Let m be (-2 + v/(-5))*5. Suppose 0 = 3*n - 18 + m. What are the prime factors of n?
2
Let y = 32 + -20. Su